{"id":349,"date":"2025-10-27T22:50:55","date_gmt":"2025-10-27T22:50:55","guid":{"rendered":"https:\/\/gruposantamaria.com\/condominiosolaris\/?page_id=349"},"modified":"2025-11-04T22:47:38","modified_gmt":"2025-11-04T22:47:38","slug":"contactanos","status":"publish","type":"page","link":"https:\/\/gruposantamaria.com\/condominiosolaris\/contactanos\/","title":{"rendered":"Cont\u00e1ctanos"},"content":{"rendered":"\t\t<div data-elementor-type=\"wp-page\" data-elementor-id=\"349\" class=\"elementor elementor-349\">\n\t\t\t\t<div class=\"elementor-element elementor-element-a8d7542 e-flex e-con-boxed e-con e-parent\" data-id=\"a8d7542\" data-element_type=\"container\" data-e-type=\"container\">\n\t\t\t\t\t<div class=\"e-con-inner\">\n\t\t<div class=\"elementor-element elementor-element-885955c e-con-full e-flex e-con e-child\" data-id=\"885955c\" data-element_type=\"container\" data-e-type=\"container\">\n\t\t\t\t<div class=\"elementor-element elementor-element-267a482 elementor-invisible elementor-widget elementor-widget-heading\" data-id=\"267a482\" data-element_type=\"widget\" data-e-type=\"widget\" data-settings=\"{&quot;_animation&quot;:&quot;fadeInUp&quot;}\" data-widget_type=\"heading.default\">\n\t\t\t\t\t<h2 class=\"elementor-heading-title elementor-size-default\">CONT\u00c1CTANOS<\/h2>\t\t\t\t<\/div>\n\t\t\t\t<div class=\"elementor-element elementor-element-2990ff8 elementor-invisible elementor-widget elementor-widget-heading\" data-id=\"2990ff8\" data-element_type=\"widget\" data-e-type=\"widget\" data-settings=\"{&quot;_animation&quot;:&quot;fadeInUp&quot;,&quot;_animation_delay&quot;:200}\" data-widget_type=\"heading.default\">\n\t\t\t\t\t<p class=\"elementor-heading-title elementor-size-default\">Estamos aqu\u00ed para atenderte. D\u00e9janos tu consulta y pronto un asesor inmobiliario se pondr\u00e1 en contacto contigo.<\/p>\t\t\t\t<\/div>\n\t\t<div class=\"elementor-element elementor-element-a69f4c2 e-con-full e-flex elementor-invisible e-con e-child\" data-id=\"a69f4c2\" data-element_type=\"container\" data-e-type=\"container\" data-settings=\"{&quot;animation&quot;:&quot;fadeIn&quot;,&quot;animation_delay&quot;:800}\">\n\t\t\t\t<div class=\"elementor-element elementor-element-a361b1a elementor-invisible elementor-widget elementor-widget-heading\" data-id=\"a361b1a\" data-element_type=\"widget\" data-e-type=\"widget\" data-settings=\"{&quot;_animation&quot;:&quot;fadeIn&quot;,&quot;_animation_delay&quot;:1100}\" data-widget_type=\"heading.default\">\n\t\t\t\t\t<h3 class=\"elementor-heading-title elementor-size-default\">Lunes a Domingo de 10:00 a.m. a 07:00 p.m.<\/h3>\t\t\t\t<\/div>\n\t\t\t\t<div class=\"elementor-element elementor-element-caf3752 elementor-icon-list--layout-traditional elementor-list-item-link-full_width elementor-invisible elementor-widget elementor-widget-icon-list\" data-id=\"caf3752\" data-element_type=\"widget\" data-e-type=\"widget\" data-settings=\"{&quot;_animation&quot;:&quot;fadeInUp&quot;,&quot;_animation_delay&quot;:1500}\" data-widget_type=\"icon-list.default\">\n\t\t\t\t\t\t\t<ul class=\"elementor-icon-list-items\">\n\t\t\t\t\t\t\t<li class=\"elementor-icon-list-item\">\n\t\t\t\t\t\t\t\t\t\t\t<a href=\"#\" data-toggle=\"modal\" data-target=\"#ModalWhat\">\n\n\t\t\t\t\t\t\t\t\t\t\t\t<span class=\"elementor-icon-list-icon\">\n\t\t\t\t\t\t\t<i aria-hidden=\"true\" class=\"icon icon-phone-handset\"><\/i>\t\t\t\t\t\t<\/span>\n\t\t\t\t\t\t\t\t\t\t<span class=\"elementor-icon-list-text\">961 769 375<\/span>\n\t\t\t\t\t\t\t\t\t\t\t<\/a>\n\t\t\t\t\t\t\t\t\t<\/li>\n\t\t\t\t\t\t\t\t<li class=\"elementor-icon-list-item\">\n\t\t\t\t\t\t\t\t\t\t\t<a href=\"mailto:comercial@gruposantamaria.com\">\n\n\t\t\t\t\t\t\t\t\t\t\t\t<span class=\"elementor-icon-list-icon\">\n\t\t\t\t\t\t\t<i aria-hidden=\"true\" class=\"icon icon-envelope1\"><\/i>\t\t\t\t\t\t<\/span>\n\t\t\t\t\t\t\t\t\t\t<span class=\"elementor-icon-list-text\">comercial@gruposantamaria.com<\/span>\n\t\t\t\t\t\t\t\t\t\t\t<\/a>\n\t\t\t\t\t\t\t\t\t<\/li>\n\t\t\t\t\t\t\t\t<li class=\"elementor-icon-list-item\">\n\t\t\t\t\t\t\t\t\t\t\t<a href=\"https:\/\/gruposantamaria.com\/\" target=\"_blank\">\n\n\t\t\t\t\t\t\t\t\t\t\t\t<span class=\"elementor-icon-list-icon\">\n\t\t\t\t\t\t\t<i aria-hidden=\"true\" class=\"icon icon-internet\"><\/i>\t\t\t\t\t\t<\/span>\n\t\t\t\t\t\t\t\t\t\t<span class=\"elementor-icon-list-text\">www.gruposantamaria.com <\/span>\n\t\t\t\t\t\t\t\t\t\t\t<\/a>\n\t\t\t\t\t\t\t\t\t<\/li>\n\t\t\t\t\t\t<\/ul>\n\t\t\t\t\t\t<\/div>\n\t\t\t\t<\/div>\n\t\t\t\t<div class=\"elementor-element elementor-element-c02d77e elementor-hidden-mobile elementor-invisible elementor-widget elementor-widget-image\" data-id=\"c02d77e\" data-element_type=\"widget\" data-e-type=\"widget\" data-settings=\"{&quot;_animation&quot;:&quot;fadeIn&quot;,&quot;_animation_delay&quot;:2000}\" data-widget_type=\"image.default\">\n\t\t\t\t\t\t\t\t\t\t\t\t\t\t\t<img decoding=\"async\" src=\"https:\/\/gruposantamaria.com\/condominiosolaris\/wp-content\/uploads\/2025\/10\/trama-verde-contacto.svg\" title=\"trama-verde-contacto\" alt=\"trama-verde-contacto\" loading=\"lazy\" \/>\t\t\t\t\t\t\t\t\t\t\t\t\t\t\t<\/div>\n\t\t\t\t<\/div>\n\t\t<div class=\"elementor-element elementor-element-cf35be8 e-con-full e-flex elementor-invisible e-con e-child\" data-id=\"cf35be8\" data-element_type=\"container\" data-e-type=\"container\" data-settings=\"{&quot;animation&quot;:&quot;fadeIn&quot;,&quot;animation_delay&quot;:2000}\">\n\t\t\t\t<div class=\"elementor-element elementor-element-9618fce elementor-widget elementor-widget-heading\" data-id=\"9618fce\" data-element_type=\"widget\" data-e-type=\"widget\" data-widget_type=\"heading.default\">\n\t\t\t\t\t<h3 class=\"elementor-heading-title elementor-size-default\">D\u00e9janos tus datos<\/h3>\t\t\t\t<\/div>\n\t\t\t\t<div class=\"elementor-element elementor-element-4b3fdf5 elementor-widget elementor-widget-shortcode\" data-id=\"4b3fdf5\" data-element_type=\"widget\" data-e-type=\"widget\" data-widget_type=\"shortcode.default\">\n\t\t\t\t\t\t\t<div class=\"elementor-shortcode\">\n<div class=\"wpcf7 no-js\" id=\"wpcf7-f23-o1\" lang=\"es-ES\" dir=\"ltr\" data-wpcf7-id=\"23\">\n<div class=\"screen-reader-response\"><p role=\"status\" aria-live=\"polite\" aria-atomic=\"true\"><\/p> <ul><\/ul><\/div>\n<form action=\"\/condominiosolaris\/wp-json\/wp\/v2\/pages\/349#wpcf7-f23-o1\" method=\"post\" class=\"wpcf7-form init\" aria-label=\"Formulario de contacto\" novalidate=\"novalidate\" data-status=\"init\">\n<fieldset class=\"hidden-fields-container\"><input type=\"hidden\" name=\"_wpcf7\" value=\"23\" \/><input type=\"hidden\" name=\"_wpcf7_version\" value=\"6.1.5\" \/><input type=\"hidden\" name=\"_wpcf7_locale\" value=\"es_ES\" \/><input type=\"hidden\" name=\"_wpcf7_unit_tag\" value=\"wpcf7-f23-o1\" \/><input type=\"hidden\" name=\"_wpcf7_container_post\" value=\"0\" \/><input type=\"hidden\" name=\"_wpcf7_posted_data_hash\" value=\"\" \/>\n<\/fieldset>\n<div class=\"row\">\n\t<div class=\"col-lg-6\">\n\t\t<p><label class=\"lblform\">Nombre*<\/label><br \/>\n<span class=\"wpcf7-form-control-wrap\" data-name=\"Nombre\"><input size=\"40\" maxlength=\"400\" class=\"wpcf7-form-control wpcf7-text wpcf7-validates-as-required inpt_form\" aria-required=\"true\" aria-invalid=\"false\" placeholder=\"---\" value=\"\" type=\"text\" name=\"Nombre\" \/><\/span>\n\t\t<\/p>\n\t<\/div>\n\t<div class=\"col-lg-6\">\n\t\t<p><label class=\"lblform\">Apellido*<\/label><br \/>\n<span class=\"wpcf7-form-control-wrap\" data-name=\"Apellidos\"><input size=\"40\" maxlength=\"400\" class=\"wpcf7-form-control wpcf7-text wpcf7-validates-as-required inpt_form\" aria-required=\"true\" aria-invalid=\"false\" placeholder=\"---\" value=\"\" type=\"text\" name=\"Apellidos\" \/><\/span>\n\t\t<\/p>\n\t<\/div>\n\t<div class=\"col-lg-12\">\n\t\t<p><label class=\"lblform\">Documento de Identidad*<\/label>\n\t\t<\/p>\n\t<\/div>\n\t<div class=\"col-lg-3 col-4\">\n\t\t<p><span class=\"wpcf7-form-control-wrap\" data-name=\"TipoDocumento\"><select class=\"wpcf7-form-control wpcf7-select wpcf7-validates-as-required inpt_form\" aria-required=\"true\" aria-invalid=\"false\" name=\"TipoDocumento\"><option value=\"DNI\">DNI<\/option><option value=\"CE\">CE<\/option><option value=\"Pasaporte\">Pasaporte<\/option><\/select><\/span>\n\t\t<\/p>\n\t<\/div>\n\t<div class=\"col-lg-9 col-8\">\n\t\t<p><span class=\"wpcf7-form-control-wrap\" data-name=\"Documento\"><input size=\"40\" maxlength=\"400\" class=\"wpcf7-form-control wpcf7-text wpcf7-validates-as-required inpt_form\" aria-required=\"true\" aria-invalid=\"false\" placeholder=\"---\" value=\"\" type=\"text\" name=\"Documento\" \/><\/span>\n\t\t<\/p>\n\t<\/div>\n\t<div class=\"col-lg-6\">\n\t\t<p><label class=\"lblform\">Email*<\/label><br \/>\n<span class=\"wpcf7-form-control-wrap\" data-name=\"Email\"><input size=\"40\" maxlength=\"400\" class=\"wpcf7-form-control wpcf7-email wpcf7-validates-as-required wpcf7-text wpcf7-validates-as-email inpt_form\" aria-required=\"true\" aria-invalid=\"false\" placeholder=\"---\" value=\"\" type=\"email\" name=\"Email\" \/><\/span>\n\t\t<\/p>\n\t<\/div>\n\t<div class=\"col-lg-6\">\n\t\t<p><label class=\"lblform\">Tel\u00e9fono*<\/label><br \/>\n<span class=\"wpcf7-form-control-wrap\" data-name=\"Telefono\"><input size=\"40\" maxlength=\"400\" class=\"wpcf7-form-control wpcf7-tel wpcf7-validates-as-required wpcf7-text wpcf7-validates-as-tel inpt_form\" aria-required=\"true\" aria-invalid=\"false\" placeholder=\"---\" value=\"\" type=\"tel\" name=\"Telefono\" \/><\/span>\n\t\t<\/p>\n\t<\/div>\n\t<div class=\"col-lg-12\">\n\t\t<p><label class=\"lblform\">Mensaje*<\/label><br \/>\n<span class=\"wpcf7-form-control-wrap\" data-name=\"Mensaje\"><textarea cols=\"40\" rows=\"10\" maxlength=\"2000\" class=\"wpcf7-form-control wpcf7-textarea wpcf7-validates-as-required inpt_form\" aria-required=\"true\" aria-invalid=\"false\" placeholder=\"Escribir\" name=\"Mensaje\"><\/textarea><\/span>\n\t\t<\/p>\n\t<\/div>\n\t<div class=\"col-lg-12\">\n\t\t<p><label class=\"lblform_cmps\">(*) Campos obligatorios<\/label><br \/>\n<span class=\"wpcf7-form-control-wrap\" data-name=\"Termino\"><span class=\"wpcf7-form-control wpcf7-acceptance\"><span class=\"wpcf7-list-item\"><label><input type=\"checkbox\" name=\"Termino\" value=\"1\" class=\"inpt_term\" aria-invalid=\"false\" \/><span class=\"wpcf7-list-item-label\">Al hacer clic en \"Enviar\" acepto recibir informaci\u00f3n y\/o promociones de Solaris a trav\u00e9s de mi correo electr\u00f3nico.<\/span><\/label><\/span><\/span><\/span>\n\t\t<\/p>\n\t<\/div>\n\t<div class=\"col-lg-12 text-center\">\n\t<input class=\"wpcf7-form-control wpcf7-hidden\" value=\"Organico\" type=\"hidden\" name=\"utm_source\" \/>\n\t<input class=\"wpcf7-form-control wpcf7-hidden\" value=\"Organico\" type=\"hidden\" name=\"utm_medium\" \/>\n\t<input class=\"wpcf7-form-control wpcf7-hidden\" value=\"Organico\" type=\"hidden\" name=\"utm_campaign\" \/>\n\t<input class=\"wpcf7-form-control wpcf7-hidden\" value=\"Organico\" type=\"hidden\" name=\"utm_term\" \/>\n\t<input class=\"wpcf7-form-control wpcf7-hidden\" value=\"Organico\" type=\"hidden\" name=\"utm_content\" \/>\n\t<input class=\"wpcf7-form-control wpcf7-hidden iptsrcO\" value=\"1\" type=\"hidden\" name=\"source_id\" \/>\n\t<input class=\"wpcf7-form-control wpcf7-hidden\" value=\"11\" type=\"hidden\" name=\"projects\" \/>\n\t<input class=\"wpcf7-form-control wpcf7-hidden\" value=\"9\" type=\"hidden\" name=\"interest_type_id\" \/>\n\t<input class=\"wpcf7-form-control wpcf7-hidden\" value=\"3\" type=\"hidden\" name=\"input_channel_id\" \/>\n\t\t<p><input class=\"wpcf7-form-control wpcf7-submit has-spinner btnenv\" type=\"submit\" value=\"Enviar\" \/>\n\t\t<\/p>\n\t<\/div>\n<\/div><div class=\"wpcf7-response-output\" aria-hidden=\"true\"><\/div>\n<\/form>\n<\/div>\n<\/div>\n\t\t\t\t\t\t<\/div>\n\t\t\t\t<\/div>\n\t\t\t\t\t<\/div>\n\t\t\t\t<\/div>\n\t\t\t\t<\/div>\n\t\t","protected":false},"excerpt":{"rendered":"<p>CONT\u00c1CTANOS Estamos aqu\u00ed para atenderte. D\u00e9janos tu consulta y pronto un asesor inmobiliario se pondr\u00e1 en contacto contigo. Lunes a Domingo de 10:00 a.m. a 07:00 p.m. 961 769 375 comercial@gruposantamaria.com www.gruposantamaria.com D\u00e9janos tus datos<\/p>\n","protected":false},"author":1,"featured_media":0,"parent":0,"menu_order":0,"comment_status":"closed","ping_status":"closed","template":"elementor_header_footer","meta":{"footnotes":""},"class_list":["post-349","page","type-page","status-publish","hentry","entry"],"yoast_head":"<!-- This site is optimized with the Yoast SEO plugin v27.2 - https:\/\/yoast.com\/product\/yoast-seo-wordpress\/ -->\n<title>Cont\u00e1ctanos - Condominio Solaris<\/title>\n<meta name=\"robots\" content=\"index, follow, max-snippet:-1, max-image-preview:large, max-video-preview:-1\" \/>\n<link rel=\"canonical\" href=\"https:\/\/gruposantamaria.com\/condominiosolaris\/contactanos\/\" \/>\n<meta property=\"og:locale\" content=\"es_ES\" \/>\n<meta property=\"og:type\" content=\"article\" \/>\n<meta property=\"og:title\" content=\"Cont\u00e1ctanos - Condominio Solaris\" \/>\n<meta property=\"og:description\" content=\"CONT\u00c1CTANOS Estamos aqu\u00ed para atenderte. D\u00e9janos tu consulta y pronto un asesor inmobiliario se pondr\u00e1 en contacto contigo. Lunes a Domingo de 10:00 a.m. a 07:00 p.m. 961 769 375 comercial@gruposantamaria.com www.gruposantamaria.com D\u00e9janos tus datos\" \/>\n<meta property=\"og:url\" content=\"https:\/\/gruposantamaria.com\/condominiosolaris\/contactanos\/\" \/>\n<meta property=\"og:site_name\" content=\"Condominio Solaris\" \/>\n<meta property=\"article:modified_time\" content=\"2025-11-04T22:47:38+00:00\" \/>\n<meta property=\"og:image\" content=\"https:\/\/gruposantamaria.com\/condominiosolaris\/wp-content\/uploads\/2025\/10\/trama-verde-contacto.svg\" \/>\n<meta name=\"twitter:card\" content=\"summary_large_image\" \/>\n<script type=\"application\/ld+json\" class=\"yoast-schema-graph\">{\"@context\":\"https:\/\/schema.org\",\"@graph\":[{\"@type\":\"WebPage\",\"@id\":\"https:\/\/gruposantamaria.com\/condominiosolaris\/contactanos\/\",\"url\":\"https:\/\/gruposantamaria.com\/condominiosolaris\/contactanos\/\",\"name\":\"Cont\u00e1ctanos - Condominio Solaris\",\"isPartOf\":{\"@id\":\"https:\/\/gruposantamaria.com\/condominiosolaris\/#website\"},\"primaryImageOfPage\":{\"@id\":\"https:\/\/gruposantamaria.com\/condominiosolaris\/contactanos\/#primaryimage\"},\"image\":{\"@id\":\"https:\/\/gruposantamaria.com\/condominiosolaris\/contactanos\/#primaryimage\"},\"thumbnailUrl\":\"https:\/\/gruposantamaria.com\/condominiosolaris\/wp-content\/uploads\/2025\/10\/trama-verde-contacto.svg\",\"datePublished\":\"2025-10-27T22:50:55+00:00\",\"dateModified\":\"2025-11-04T22:47:38+00:00\",\"breadcrumb\":{\"@id\":\"https:\/\/gruposantamaria.com\/condominiosolaris\/contactanos\/#breadcrumb\"},\"inLanguage\":\"es\",\"potentialAction\":[{\"@type\":\"ReadAction\",\"target\":[\"https:\/\/gruposantamaria.com\/condominiosolaris\/contactanos\/\"]}]},{\"@type\":\"ImageObject\",\"inLanguage\":\"es\",\"@id\":\"https:\/\/gruposantamaria.com\/condominiosolaris\/contactanos\/#primaryimage\",\"url\":\"https:\/\/gruposantamaria.com\/condominiosolaris\/wp-content\/uploads\/2025\/10\/trama-verde-contacto.svg\",\"contentUrl\":\"https:\/\/gruposantamaria.com\/condominiosolaris\/wp-content\/uploads\/2025\/10\/trama-verde-contacto.svg\",\"width\":244,\"height\":294},{\"@type\":\"BreadcrumbList\",\"@id\":\"https:\/\/gruposantamaria.com\/condominiosolaris\/contactanos\/#breadcrumb\",\"itemListElement\":[{\"@type\":\"ListItem\",\"position\":1,\"name\":\"Portada\",\"item\":\"https:\/\/gruposantamaria.com\/condominiosolaris\/\"},{\"@type\":\"ListItem\",\"position\":2,\"name\":\"Cont\u00e1ctanos\"}]},{\"@type\":\"WebSite\",\"@id\":\"https:\/\/gruposantamaria.com\/condominiosolaris\/#website\",\"url\":\"https:\/\/gruposantamaria.com\/condominiosolaris\/\",\"name\":\"Solaris\",\"description\":\"\",\"publisher\":{\"@id\":\"https:\/\/gruposantamaria.com\/condominiosolaris\/#organization\"},\"potentialAction\":[{\"@type\":\"SearchAction\",\"target\":{\"@type\":\"EntryPoint\",\"urlTemplate\":\"https:\/\/gruposantamaria.com\/condominiosolaris\/?s={search_term_string}\"},\"query-input\":{\"@type\":\"PropertyValueSpecification\",\"valueRequired\":true,\"valueName\":\"search_term_string\"}}],\"inLanguage\":\"es\"},{\"@type\":\"Organization\",\"@id\":\"https:\/\/gruposantamaria.com\/condominiosolaris\/#organization\",\"name\":\"Solaris\",\"url\":\"https:\/\/gruposantamaria.com\/condominiosolaris\/\",\"logo\":{\"@type\":\"ImageObject\",\"inLanguage\":\"es\",\"@id\":\"https:\/\/gruposantamaria.com\/condominiosolaris\/#\/schema\/logo\/image\/\",\"url\":\"https:\/\/gruposantamaria.com\/condominiosolaris\/wp-content\/uploads\/2025\/10\/logo-solari.svg\",\"contentUrl\":\"https:\/\/gruposantamaria.com\/condominiosolaris\/wp-content\/uploads\/2025\/10\/logo-solari.svg\",\"width\":110,\"height\":45,\"caption\":\"Solaris\"},\"image\":{\"@id\":\"https:\/\/gruposantamaria.com\/condominiosolaris\/#\/schema\/logo\/image\/\"}}]}<\/script>\n<!-- \/ Yoast SEO plugin. -->","yoast_head_json":{"title":"Cont\u00e1ctanos - Condominio Solaris","robots":{"index":"index","follow":"follow","max-snippet":"max-snippet:-1","max-image-preview":"max-image-preview:large","max-video-preview":"max-video-preview:-1"},"canonical":"https:\/\/gruposantamaria.com\/condominiosolaris\/contactanos\/","og_locale":"es_ES","og_type":"article","og_title":"Cont\u00e1ctanos - Condominio Solaris","og_description":"CONT\u00c1CTANOS Estamos aqu\u00ed para atenderte. D\u00e9janos tu consulta y pronto un asesor inmobiliario se pondr\u00e1 en contacto contigo. Lunes a Domingo de 10:00 a.m. a 07:00 p.m. 961 769 375 comercial@gruposantamaria.com www.gruposantamaria.com D\u00e9janos tus datos","og_url":"https:\/\/gruposantamaria.com\/condominiosolaris\/contactanos\/","og_site_name":"Condominio Solaris","article_modified_time":"2025-11-04T22:47:38+00:00","og_image":[{"url":"https:\/\/gruposantamaria.com\/condominiosolaris\/wp-content\/uploads\/2025\/10\/trama-verde-contacto.svg","type":"","width":"","height":""}],"twitter_card":"summary_large_image","schema":{"@context":"https:\/\/schema.org","@graph":[{"@type":"WebPage","@id":"https:\/\/gruposantamaria.com\/condominiosolaris\/contactanos\/","url":"https:\/\/gruposantamaria.com\/condominiosolaris\/contactanos\/","name":"Cont\u00e1ctanos - Condominio Solaris","isPartOf":{"@id":"https:\/\/gruposantamaria.com\/condominiosolaris\/#website"},"primaryImageOfPage":{"@id":"https:\/\/gruposantamaria.com\/condominiosolaris\/contactanos\/#primaryimage"},"image":{"@id":"https:\/\/gruposantamaria.com\/condominiosolaris\/contactanos\/#primaryimage"},"thumbnailUrl":"https:\/\/gruposantamaria.com\/condominiosolaris\/wp-content\/uploads\/2025\/10\/trama-verde-contacto.svg","datePublished":"2025-10-27T22:50:55+00:00","dateModified":"2025-11-04T22:47:38+00:00","breadcrumb":{"@id":"https:\/\/gruposantamaria.com\/condominiosolaris\/contactanos\/#breadcrumb"},"inLanguage":"es","potentialAction":[{"@type":"ReadAction","target":["https:\/\/gruposantamaria.com\/condominiosolaris\/contactanos\/"]}]},{"@type":"ImageObject","inLanguage":"es","@id":"https:\/\/gruposantamaria.com\/condominiosolaris\/contactanos\/#primaryimage","url":"https:\/\/gruposantamaria.com\/condominiosolaris\/wp-content\/uploads\/2025\/10\/trama-verde-contacto.svg","contentUrl":"https:\/\/gruposantamaria.com\/condominiosolaris\/wp-content\/uploads\/2025\/10\/trama-verde-contacto.svg","width":244,"height":294},{"@type":"BreadcrumbList","@id":"https:\/\/gruposantamaria.com\/condominiosolaris\/contactanos\/#breadcrumb","itemListElement":[{"@type":"ListItem","position":1,"name":"Portada","item":"https:\/\/gruposantamaria.com\/condominiosolaris\/"},{"@type":"ListItem","position":2,"name":"Cont\u00e1ctanos"}]},{"@type":"WebSite","@id":"https:\/\/gruposantamaria.com\/condominiosolaris\/#website","url":"https:\/\/gruposantamaria.com\/condominiosolaris\/","name":"Solaris","description":"","publisher":{"@id":"https:\/\/gruposantamaria.com\/condominiosolaris\/#organization"},"potentialAction":[{"@type":"SearchAction","target":{"@type":"EntryPoint","urlTemplate":"https:\/\/gruposantamaria.com\/condominiosolaris\/?s={search_term_string}"},"query-input":{"@type":"PropertyValueSpecification","valueRequired":true,"valueName":"search_term_string"}}],"inLanguage":"es"},{"@type":"Organization","@id":"https:\/\/gruposantamaria.com\/condominiosolaris\/#organization","name":"Solaris","url":"https:\/\/gruposantamaria.com\/condominiosolaris\/","logo":{"@type":"ImageObject","inLanguage":"es","@id":"https:\/\/gruposantamaria.com\/condominiosolaris\/#\/schema\/logo\/image\/","url":"https:\/\/gruposantamaria.com\/condominiosolaris\/wp-content\/uploads\/2025\/10\/logo-solari.svg","contentUrl":"https:\/\/gruposantamaria.com\/condominiosolaris\/wp-content\/uploads\/2025\/10\/logo-solari.svg","width":110,"height":45,"caption":"Solaris"},"image":{"@id":"https:\/\/gruposantamaria.com\/condominiosolaris\/#\/schema\/logo\/image\/"}}]}},"_links":{"self":[{"href":"https:\/\/gruposantamaria.com\/condominiosolaris\/wp-json\/wp\/v2\/pages\/349","targetHints":{"allow":["GET"]}}],"collection":[{"href":"https:\/\/gruposantamaria.com\/condominiosolaris\/wp-json\/wp\/v2\/pages"}],"about":[{"href":"https:\/\/gruposantamaria.com\/condominiosolaris\/wp-json\/wp\/v2\/types\/page"}],"author":[{"embeddable":true,"href":"https:\/\/gruposantamaria.com\/condominiosolaris\/wp-json\/wp\/v2\/users\/1"}],"replies":[{"embeddable":true,"href":"https:\/\/gruposantamaria.com\/condominiosolaris\/wp-json\/wp\/v2\/comments?post=349"}],"version-history":[{"count":37,"href":"https:\/\/gruposantamaria.com\/condominiosolaris\/wp-json\/wp\/v2\/pages\/349\/revisions"}],"predecessor-version":[{"id":980,"href":"https:\/\/gruposantamaria.com\/condominiosolaris\/wp-json\/wp\/v2\/pages\/349\/revisions\/980"}],"wp:attachment":[{"href":"https:\/\/gruposantamaria.com\/condominiosolaris\/wp-json\/wp\/v2\/media?parent=349"}],"curies":[{"name":"wp","href":"https:\/\/api.w.org\/{rel}","templated":true}]}}